 5*i(y) - 2*t(y). Let l = -642 - -653. Calculate r(l).
0
Let a(q) be the first derivative of -3*q**4/8 + 5*q**3/6 + q**2/2 + 38*q - 9. Let i(p) be the second derivative of a(p). Calculate i(-4).
41
Let q = -1 + 15. Suppose c = h + 7, 0 = 2*h + 7*c - 4*c + q. Let l(f) be the first derivative of f**3/3 + 7*f**2/2 + 3*f + 9634. Determine l(h).
3
Let z(y) = 4 - 3 + 0 + y. Let f(m) be the first derivative of -m**3/3 + 3*m**2 - 2*m + 1951. Let c(x) = -f(x) - 3*z(x). Give c(8).
-9
Let t(w) = w + 6. Let s be (-3)/(-4) - 20340/(-80). Suppose -3*n - s = 14*n. Calculate t(n).
-9
Let h(p) = 2*p**2 - 5*p + 3. Let b = -259 + 263. Let q be b/26 - (-888)/312. Give h(q).
6
Let c be 7 + (9/3 - 7). Let h(k) = 2*k**3 - k**2 - 5*k + 5. Determine h(c).
35
Let b be (209/76)/(2*1/40). Let y = -50 + b. Let q(l) = 7*l + 9 - 2*l - l**2 - 3*l + y*l. What is q(7)?
9
Let k(p) = -2*p + 9. Let i(o) = o**3 - 51*o**2 + 49*o + 37. Let v be i(50). Determine k(v).
35
Let q(x) = x**3 + 6 - 3 + 697872*x**2 - 697876*x**2 + 4*x. Determine q(3).
6
Let l(w) = 8*w**2 + w - 1. Let k(o) = 45*o**2 - 7. Let r(p) = k(p) - 4*l(p). Determine r(-2).
57
Let h(a) = 5*a - 2. Suppose 6*d = 4*d + 40. Suppose -d*b + 58 = 18. Calculate h(b).
8
Let j(y) = -92*y**3 - 18*y**2 - 59*y - 99. Let b(n) = -239*n**3 - 45*n**2 - 148*n - 247. Let r(a) = 5*b(a) - 13*j(a). Determine r(-6).
-2
Let d be (-2)/(-5) + (416/(-5))/(-2). Let u = 62 - d. Let c(b) = -u*b + 27*b - 2*b**2 - 2 - 11*b. What is c(-2)?
-2
Let w(l) = -4 + 31*l**3 + 5 + 0 - l**2 + l - 2. Suppose 0 = 4*p + 13*p - 17. Calculate w(p).
30
Let o(g) be the first derivative of -g**3/2 - 3*g**2 - 45*g + 42. Let n(k) be the first derivative of o(k). Let p = -1 + -4. Give n(p).
9
Let n be (-18)/8 - (-3591)/684. Let v(i) be the first derivative of -11/2*i**2 - 3*i + n. What is v(-2)?
19
Let d(v) be the second derivative of v**6/120 - 7*v**5/60 + v**4/4 - 2*v**3/3 - 14*v**2 - 25*v. Let i(l) be the first derivative of d(l). Give i(6).
-4
Let h(n) be the third derivative of n**6/120 + n**5/60 + n**4/24 + 11*n**3/6 + 1825*n**2 - n. What is h(-5)?
-94
Let f(z) = -40*z - 20758 + z**3 - z**2 + 20759 - 15*z + 0*z**2. Determine f(-7).
-6
Let f(j) = j**2 + 2*j**2 - 2*j**2. Suppose 29*c - 12 = 33*c. Let s(r) = 5*r + 17. Let m be s(c). What is f(m)?
4
Let u(h) = h**3 - 12*h**2 - 7*h - 58. Let f be u(13). Let m be (-18)/15 - 176/f. Let x(g) = -g**3 - 11*g**2 - 10*g + 12. Give x(m).
12
Suppose -107*w + 17*w - 39*w = 258. Let o(b) = -3*b**3 - 6*b**2 - b + 5. What is o(w)?
7
Let a(x) be the second derivative of x**5/20 - 13*x**4/12 + 5*x**3/3 + 23*x**2/2 - 387*x. Suppose 0 = y + 3 - 15. What is a(y)?
-1
Let c(b) = 23*b - 7. Let g(l) = -22*l + 9. Let p(q) = -6*c(q) - 5*g(q). Determine p(-1).
25
Let v be (-140)/175 + ((-28)/(-5))/2. Let d(o) = -17 + 18 + o + v. Give d(4).
7
Let a(h) be the third derivative of h**8/20160 + h**7/720 - h**6/90 + 121*h**5/60 - 104*h**2 + 2. Let k(r) be the third derivative of a(r). What is k(-8)?
0
Let m(g) be the second derivative of -g**4/4 + 3*g**3/2 + 17*g**2/2 - 13530*g. Determine m(-4).
-67
Let f be 0/((-50)/(-15) - 4/3). Suppose -26*a + 0 - 104 = f. Let q(k) = -k**2 - k + 4. What is q(a)?
-8
Suppose 3*q - 20 = -5*w - 64, -4*q - 12 = 0. Let n(h) = 4*h - 8*h**2 - 1 + 8*h**2 - 9*h**2 + 10*h**2 + h. Calculate n(w).
13
Suppose 0 = n + 2*j + 2, 2*j = n - 3 + 5. Let p be 2 - 4/(-2) - -4. Let y(a) = p - 8 + a**2 + 4*a. What is y(n)?
-4
Let t(l) = 28*l - 314*l**2 + 61 + 946*l**2 - 319*l**2 - 315*l**2. What is t(-2)?
-3
Let x be (-1)/((-1480)/184 + 8). Suppose -19*i - 12 = -4*v - x*i, -25 = -5*i. Let c(b) = 1 + b**3 - 4*b + 2*b + 0*b**3. Calculate c(v).
-3
Let d(u) = 4*u - 1. Suppose -h + 13 = t - 2*t, 4*h = -8. Let p be ((-4)/(-10))/(3/t). What is d(p)?
-9
Let f(x) be the third derivative of 7/6*x**3 + x + 30*x**2 + 1/120*x**6 + 1/12*x**4 + 1/6*x**5 + 0. Determine f(-10).
-13
Let r(c) = -3*c**2 - 3*c - 3. Suppose -6*l - l = -28. Suppose -m + 12 = -l*t, -2*t - 8 - 8 = -3*m. Suppose -h + m = -5*k + 21, -3*h + 2*k = 12. Give r(h).
-9
Let k(m) = -121 - m - 297 + 451 + m**3. Calculate k(0).
33
Let d(t) = -t**3 - 6*t**2 + 11*t - 4. Let u(q) be the first derivative of q**4/4 + q**3 - 3*q**2 + 2*q + 87. Let k(g) = 4*d(g) + 7*u(g). Determine k(2).
14
Let t(r) = -72*r**2 - 284*r + 8. Let p be t(-4). Let q(n) = 2*n + 5. Let h(w) = -3*w - 7. Let z(c) = 5*h(c) + 8*q(c). What is z(p)?
-3
Let f = 32029 + -32073. Let w(a) = a**2 + 46*a + 78. Determine w(f).
-10
Suppose 16*d + 89 = 73. Let l(g) = g**3 + 4*g**2 + 3*g. What is l(d)?
0
Let f = 25 - 19. Let g(s) = 4*s - 7. Let q(c) = -6 - 2 - 98*c + 103*c. Let d(x) = f*q(x) - 7*g(x). Calculate d(1).
3
Let q = 72 + -137. Let n = q - -67. Let m(r) = -r**2 + 4*r - n*r**2 + r**2 + 3*r**2. Calculate m(-3).
-3
Let v(w) = -9*w**3 - 25*w**2 + 7*w - 5. Let j(g) = 11*g**3 + 29*g**2 - 10*g + 4. Let d(l) = 4*j(l) + 5*v(l). Give d(-10).
141
Let t(u) be the first derivative of u**4/4 - 2*u**3 + 7*u**2/2 + 2*u + 1255. Determine t(5).
12
Let y(s) = -962*s**2 - 45*s + 71. Let o(t) = 175*t**2 + 9*t - 14. Let u(k) = -11*o(k) - 2*y(k). Calculate u(-12).
-24
Let d(n) = 745*n + 53*n**2 - n**3 + 8 - 50*n**2 - 741*n. Determine d(5).
-22
Let x(c) = -731*c + 19135. Let h(v) = -2*v + 50. Let m(k) = 774*h(k) - 2*x(k). Give m(5).
0
Suppose 2 + 4 = 2*c. Suppose 10*w = -5 + 35. Let h(i) = 501*i**2 + 1 + 2*i**3 - 496*i**2 - 5*i + 2 - 3*i**w. Calculate h(c).
6
Let r(s) = s**2 - 5*s - 10. Let b = -54 + 114. Let z = b - 92. Let x be (1 - 0)/(-1) - z/4. Calculate r(x).
4
Let m(z) = z + 16. Let a be (-19 - 2)*(4/(-6))/1. Let x be 7/(a/(-10)) + -7. Give m(x).
4
Let n(j) = -j**2 + 5*j + 8. Let h be (3/4 - (-3)/12) + -32. Let v = h + 35. Suppose 0 = -2*s + 10, -4*z - v*s + 27 = -3*z. What is n(z)?
-6
Let h be -5*(-1)/2*2. Let s(b) be the second derivative of -2*b**3/3 + b**2/2 + 699*b - 4. Calculate s(h).
-19
Let n(z) = 31*z. Let p(m) = 17*m - 1. Let x(f) = -6*n(f) + 11*p(f). Let j be (-8 + 1)*2/(-14). Let v(s) = s**3 - 2*s**2 + 2*s - 1. Let w be v(j). Give x(w).
-11
Suppose 5*y - 4*w = 4, -3*w + 0*w + 12 = 0. Let f(k) = -3*k**2 - 2*k - 4. Let m(l) = 618*l - l**2 - 618*l. Let x(v) = f(v) - 4*m(v). What is x(y)?
4
Suppose -4*w = 16, -4*w + 5 = 2*f + 9. Let t(o) = -468*o + f - o**3 - 5*o**2 + 464*o + 0*o**3. What is t(-5)?
26
Suppose -15*k + 10*k + 25 = 0. Let f be ((-4)/k)/((0 - 1)/(-5)). Let i(o) = 3 + 45*o**2 - o**3 - 4 - 2*o - 49*o**2. Determine i(f).
7
Let i(f) = -9*f - 979 - 981 + 1961. Determine i(-10).
91
Let t(w) be the third derivative of -w**6/120 - w**5/30 + 5*w**4/12 + w**3 + 4*w**2 - w - 228. What is t(-3)?
-15
Let r(j) be the third derivative of j**6/120 - 5*j**5/12 - 11*j**3/6 + 2*j**2 - 190*j. What is r(25)?
-11
Suppose -195*d - 39 = -819. Let m(k) be the third derivative of 13*k**2 + 0*k - 1/2*k**3 + 0 + 1/8*k**d + 1/60*k**5. Calculate m(4).
25
Let h = 2929 - 2935. Let l(z) = -z**3 - 5*z**2 + 6*z - 8. What is l(h)?
-8
Let j be (-396)/84 + (-4)/14. Let a be ((-12)/(-15))/(2/10). Let v(k) = -5 - 6*k + 7*k**2 + a*k - 5*k - 8*k**2. What is v(j)?
5
Suppose 0 = 80*z - 77*z. Let o(p) = -2*p**2 + 3*p + 5. Let g be o(z). Let v(y) = -y + 13. What is v(g)?
8
Let h(g) = 15*g**3 - 16*g**2 - 4*g - 8. Let f(t) = -14*t**3 + 12*t**2 + 3*t + 6. Let r(n) = -4*f(n) - 3*h(n). What is r(1)?
11
Suppose -23*t + 3 = -24*t. Let m(q) = -2*q - 2*q + 2 - 7 + 7 - q**2. Determine m(t).
5
Let f(g) = 6*g. Let k be (-14 - -13)*(1 - 0). Let o(y) = 4*y + 3*y - 9*y - 1 + y**2 + y. Let q be o(k). Calculate f(q).
6
Let j(c) be the first derivative of 2/3*c**3 + 107 + 11*c - 6*c**2. Calculate j(5).
1
Let y(z) = -56*z + 7 + 2 - 44*z + 89*z. What is y(-6)?
75
Let i(g) = 66*g - 8. Let v(l) = 62*l - 9. Let o(p) = -14*i(p) + 15*v(p). What is o(-13)?
-101
Let w(t) be the second derivative of -t**5/60 - 3*t**4/8 + 15*t**2 + 55*t. Let y(u) be the first derivative of w(u). Give y(-6).
18
Suppose 4106*u = 4137*u. Let n(w) be the second derivative of -1/10*w**5 + u*w**2 + 36*w + 1/4*w**4 + 0 + 0*w**3. Calculate n(2).
-4
Suppose -g + 2*g = -4*g. Let f be g/(1/((-2)/16*-4)). Suppose 18 = 3*a - f. Let q(v) = -v**2 + 6*v + 3. What is q(a)?
3
Let j be (1/2)/((-3)/(-12)). Let q(t) be the third derivative of 0 + 5*t**2 + 0*t**3 - 7*t + 3/8*t**4. What is q(j)?
18
Let w(s) = 2*s + 113. Let b be w(1